tors of a.
3, 5
Suppose 2*k - h = 1, -4*k + 3*h - 2 = 1. Suppose 0*w = -2*n + 3*w + 56, n - 28 = 4*w. Let j = k + n. What are the prime factors of j?
31
Suppose -2*f = 4*t - t - 112, f + 3*t - 53 = 0. Let u = -19 + f. Suppose -3*w + 47 = -u. List the prime factors of w.
29
Let a(l) = 13*l + 4. Let x be a(-3). Let u = -30 - x. Suppose 0 = -5*b - 25, 0*b - 2*b = -u*v + 365. List the prime factors of v.
71
Suppose 4*j + 4*g = 7*g + 4129, 4*g - 20 = 0. What are the prime factors of j?
2, 7, 37
Let w(a) = -6*a + 4. Let n be w(0). Suppose -2*s + 3*d + 547 = 2*d, -n*s + 1096 = -4*d. List the prime factors of s.
3, 7, 13
Let b = 8 - 10. Let d be b - ((-24)/4 + 2). List the prime factors of (2/d)/((-3)/(-99)).
3, 11
Let p be (0 + 0)*3/9. Suppose d + 2*d - 507 = p. What are the prime factors of d?
13
Suppose s - 3*x = 6*s - 37, 3*s - 31 = -4*x. Suppose -69 = -4*l - s. Suppose -3*q - l = -5*q. What are the prime factors of q?
2
Suppose 16 = 8*g - 80. What are the prime factors of (-3)/g*-2 + 613/2?
307
Suppose -81 = -42*f + 33*f. List the prime factors of f.
3
Suppose 22*d = 21*d. Suppose d = -2*p + 3*p - 91. List the prime factors of p.
7, 13
Let m = 906 + -578. List the prime factors of m.
2, 41
Let n = -11 - -13. Suppose 3*x - 3*c = 351, -2*x - x - n*c + 331 = 0. List the prime factors of x.
113
Let v(m) be the first derivative of m**4/12 + 7*m**3/3 + 8*m**2 + 2*m + 3. Let j(w) be the first derivative of v(w). List the prime factors of j(-13).
3
Suppose 4*w + 3*y - 5 = 0, -2*w + 2*y + 2*y = -30. Let o be 17/4*(1 - w). Let d = 32 + o. List the prime factors of d.
3, 5
Let t(s) = 6*s**2 + 3*s + 1516. List the prime factors of t(0).
2, 379
Let c = -1623 - -3289. What are the prime factors of c?
2, 7, 17
Suppose -2*b = -2*w + 20, -2*b + 0*b + 5*w - 20 = 0. List the prime factors of (-4 - 497)*4/(b - 2).
167
Let n = -393 - -827. List the prime factors of n.
2, 7, 31
Let f be 10/(-8)*(0/(-5) - 4). Suppose -f*m = -103 - 177. List the prime factors of m.
2, 7
Suppose h - 5*k - 118 = -2*k, 4*k + 4 = 0. List the prime factors of h.
5, 23
Suppose 9*q - 1138 = -3*a + 4*q, 5*a + 4*q - 1901 = 0. List the prime factors of a.
3, 127
Suppose 6 + 0 = -2*j, -3*m - 5*j = 6. Suppose -2*k + 2*t = -374, -k + t + 196 = m*t. List the prime factors of (-2)/(k/(-62) + 3).
31
Let t(a) = a**2 - 21*a + 23. Let m be t(25). Suppose -5*r + m = b, 0*r - r = -b + 129. List the prime factors of b.
2
Suppose 5*f + 0*f = -665. Let z = f + 194. What are the prime factors of z?
61
Suppose 3*b - 3306 = -10332. What are the prime factors of (-22)/77 + b/(-14)?
167
Suppose 6*k = -19*k + 57250. List the prime factors of k.
2, 5, 229
Let f(h) = -4 + 7*h**2 + 3 + 3*h - 6. What are the prime factors of f(-3)?
47
Let d(o) = 104*o**2 + 8*o + 3. What are the prime factors of d(-2)?
13, 31
Let u = 362 + -154. List the prime factors of u.
2, 13
Suppose 19 = 3*z + 13. Suppose -z*s + 11*s - 1422 = 0. List the prime factors of s.
2, 79
Suppose 0 = -2*o, 0 + 4 = 2*m - 2*o. Let z(d) = -2*d**3 + 4*d**3 + d**m + 21*d + 1 - 24*d. What are the prime factors of z(2)?
3, 5
Suppose 16*q - 13*q - 1896 = 0. List the prime factors of q.
2, 79
Let c(f) be the third derivative of 0*f**3 + 0 - 11*f**2 + 0*f - 23/24*f**4. What are the prime factors of c(-2)?
2, 23
Suppose 0 = t + 3*k - 686, -5*t + 1518 = 4*k - 1923. List the prime factors of t.
13, 53
Let o(w) = w - 5. Let k be o(0). Let m(f) = f**2 + f - 1. Let r(x) = -5*x**2 - 3*x + 1. Let s(t) = -4*m(t) - r(t). What are the prime factors of s(k)?
3, 11
Suppose 0*p - 76 = 2*p. Let u = p + 99. What are the prime factors of u?
61
Let r be 8 + (-12 - (-2)/1). Let k(f) be the third derivative of 2*f**5/15 - 5*f**4/24 - 5*f**3/6 - f**2. List the prime factors of k(r).
37
Let u(w) = 17*w - 10. Suppose f + 3 = 0, r + 6 = 5*f + 31. Let y be u(r). Suppose -3*k + y = k. What are the prime factors of k?
2, 5
Suppose 2*q + 0 = 3*c - 6, -8 = 4*c. Let t be (-4)/2 + (q - -2). List the prime factors of (-123)/(-6) - (-3)/t.
2, 5
Suppose 5 = -7*z + 2*z, u + 3*z = 125. Let o(y) = 190*y**3 - y + 1. Let h be o(1). Let c = h - u. What are the prime factors of c?
2, 31
Suppose 4*c - 103 = -5*g, -4*c + 25 = -g - 84. Let j be ((-4)/(-3))/(18/c). Suppose 30 = j*a - 52. List the prime factors of a.
41
Let d(t) = -99*t + 60. Let p be d(-6). Suppose -177 = 3*w - p. List the prime factors of w.
3, 53
Let h(b) = -b**2 - 14*b + 16. Let j be h(-22). Let a = j - -313. What are the prime factors of a?
3, 17
Let d = -11 - -7. Let h be 41 - (d + (3 - 1)). Suppose 0 = 2*f + 4, -3*x + 0 + h = f. What are the prime factors of x?
3, 5
Suppose 0 = 4*i - 37 - 99. Let d = 170 + -179. Let l = i + d. What are the prime factors of l?
5
Let q(o) = 5*o**2 - 83*o - 14. List the prime factors of q(17).
2, 5
Suppose -933 = -2*h + 989. What are the prime factors of h?
31
Suppose 4*u + 0*u + 20 = 4*a, -4 = 4*a. List the prime factors of 76/u*18/(-12).
19
Suppose -n + 4*c + 9 = -c, -3*n + 38 = -4*c. Suppose -n*f + 1221 = -347. What are the prime factors of f?
2, 7
Suppose 36*t = 39*t - 21. List the prime factors of (t - 8)/(1/(-59)).
59
Let q(i) = -3*i + 118. Let z(y) = y - 39. Let r(m) = -2*q(m) - 7*z(m). List the prime factors of r(16).
3, 7
Let b(q) = -21*q + 5. Let x(y) = y**3 + 5*y**2 - y - 7. Let s be x(-5). What are the prime factors of b(s)?
47
Suppose -6 = -6*g + 4*g. Suppose 2*m + 2*d - 86 = 0, m - 2*d - g*d = 37. What are the prime factors of m?
2, 3, 7
Let u = -16 - -21. Suppose y + u*h - 51 = 0, 0 = 3*y + 4*h + 53 - 195. Suppose -p + 0*p = -y. List the prime factors of p.
2, 23
Suppose 0 = -0*w + 4*w - 308. Suppose 8*k = 7*k + w. What are the prime factors of k?
7, 11
Let i(l) = -l**3 + 12*l**2 + 11. Suppose 0*d + 7*d = 84. List the prime factors of i(d).
11
Let b be (-3)/15 - 32/(-10). Suppose -4*v + t = b*t - 50, -4*t = -5*v + 43. Suppose -v*l + 105 = -8*l. What are the prime factors of l?
5, 7
Let q(s) = 2*s**2 - 33*s + 118. What are the prime factors of q(23)?
3, 139
Let k = 1528 - -63. List the prime factors of k.
37, 43
Suppose -2*k - k + 18 = 4*z, 16 = 4*z + 4*k. Let q(u) = u**3 - 6*u**2 + u - 1. Let d be q(z). Suppose 3*x = d*x - 68. List the prime factors of x.
2, 17
Let y be (8/(-12) - 1472/6) + 2. Let z = y + 443. List the prime factors of z.
199
Let p be 10/(-4)*(2 - (-16)/(-5)). Suppose 4*n + n + 141 = p*c, c + n - 47 = 0. List the prime factors of c.
47
Suppose 3*g - 44 = -4*v - g, 2*v = -5*g + 22. Suppose 0 = -r + 2*t + v, 5*r - 5*t = 15 + 30. What are the prime factors of r?
7
Let d(x) = 8*x**2 - 5*x. Let g be d(4). Suppose -5*p = -g - 307. List the prime factors of p.
83
Suppose -4*f + 683 = p + 156, -5*p = 5. Suppose -2*n = 2*j + 2*j - 122, -2*n + f = 2*j. What are the prime factors of n?
71
Suppose -9*v = -12*v - 51. Let c = v + 78. List the prime factors of c.
61
Let x be (-312)/(-54) - 4/(-18). Let p be (0 - 8)*x/4. Let d = p - -42. What are the prime factors of d?
2, 3, 5
Let z(l) = -1163*l**3 - 12*l - 11. List the prime factors of z(-1).
2, 3, 97
What are the prime factors of 7*((-75)/60 - 3030/(-56))?
2, 5, 37
Suppose -2*l - 111 = 5*w, 0*l = w + 2*l + 27. Let i(c) = 2*c**2 + 26*c - 12. Let h be i(w). Suppose -5*s + h = -s. List the prime factors of s.
3
Let s = 790 - -248. What are the prime factors of s?
2, 3, 173
Suppose -12*i + 13139 + 3445 = 0. List the prime factors of i.
2, 691
Suppose 5*x + 88 - 1053 = 0. Let y = x + -103. List the prime factors of y.
2, 3, 5
Suppose 0 = 3*f - 2*d - 17, 0 = f - d - 10 + 4. What are the prime factors of f/(5/(-14))*(-14 + 5)?
2, 3, 7
Let d(p) = -23*p**3 + 2*p**2 - 3*p + 3. Let c be d(-4). Suppose 2*m = -5*t + c, 0 = -t + 3*m + 2*m + 293. What are the prime factors of t?
3, 101
Suppose v + 38 = -v. Let y(i) be the second derivative of -i**3/6 + 2*i**2 - 43*i + 2. List the prime factors of y(v).
23
Let c = 1356 + -363. What are the prime factors of c?
3, 331
Suppose -3*k + 30*g + 2838 = 28*g, -2*k - g + 1885 = 0. List the prime factors of k.
2, 59
Suppose 5*a = -10, w = -2*w - 3*a. Let s be ((-36)/(-14))/(w/14). Suppose s - 75 = -y. List the prime factors of y.
3, 19
Suppose 0 = 4*w + 430 + 306. Let g = -97 - w. Let a = g - 40. What are the prime factors of a?
47
Let n(l) = l**3 - 8*l**2 - 10*l + 9. Let g be n(9). Suppose g = -14*s + 13*s + 3.